**3 + 2*z**2. Suppose -5*y - 11 = 6*b - 2*b, 4*b = 4*y - 20. What is the remainder when 23 is divided by w(b)?
7
Suppose -1 - 4 = -b. Suppose c + 2*y = -6, -y - 8 - 6 = -b*c. Suppose -2*m = -3 - 1. Calculate the remainder when m is divided by c.
0
Let i(s) = 3*s + 6. Let c be i(5). Suppose -l + c = -23. What is the remainder when l is divided by 15?
14
Let c = -44 - -58. What is the remainder when 26 is divided by c?
12
Let s(f) = -f**2 - 13*f - 8. What is the remainder when 190 is divided by s(-8)?
30
Suppose 5*i - 3 = -w + 4, -w + 5*i = -47. What is the remainder when 78 is divided by w?
24
Suppose 0*b - 4*b = -56. Let h be ((-6)/(-2))/((-6)/(-4)). Suppose -h*g = 5*t - 97, -5 = -g - 2*t + 42. Calculate the remainder when g is divided by b.
13
Suppose -139 = -4*s + 61. Suppose 0 = 5*t + 4*b - s, t - 6*b - 39 = -b. Let k = 29 - t. What is the remainder when 43 is divided by k?
13
Suppose 5*m + 5 = -2*o + 1, -8 = 4*o + 3*m. Calculate the remainder when 26 is divided by 22/3 + o/6.
5
Suppose -g = 3 - 6. Calculate the remainder when 6 is divided by g.
0
Suppose -5*t = -n + 22, 44 = 5*n - 4*t + t. Let r(a) = -3*a**3 - 2*a**2 + a - 1. Calculate the remainder when r(-2) is divided by n.
6
Let c = 13 + -4. Suppose -g + 3 = -c. Let y = 44 + -9. What is the remainder when y is divided by g?
11
Suppose 3*k = 53 + 37. Calculate the remainder when k is divided by 11.
8
Suppose 0 = 2*c + 2*c - 64. Calculate the remainder when 111 is divided by c.
15
Suppose 0 = -m - 3, -4*k - 4*m + 157 = -59. Calculate the remainder when k is divided by 29.
28
Calculate the remainder when 242 - 4*(-3)/(-12) is divided by 22.
21
Suppose -22*g + 70 = -17*g. What is the remainder when 180 is divided by g?
12
Let t(v) = -28*v. Calculate the remainder when 110 is divided by t(-1).
26
Suppose -4*b = -h + 126, -3*b + 754 - 32 = 5*h. Calculate the remainder when h is divided by 18.
16
Let p(q) = -q**3 - 3*q**2 + 2*q - 4. Let l be p(-3). Let a(t) = -20*t**3 - t**2 - t. Calculate the remainder when a(-1) is divided by ((-55)/l)/((-1)/(-2)).
9
Let f(m) = -7*m - 1. Let c be f(-1). What is the remainder when 230/c - (-1)/(-3) is divided by 13?
12
Let b = -1 + 3. Let l(p) = p**2 + 3*p - 4. Let s(y) = 2*y**2 + 4*y - 5. Let w(c) = -4*l(c) + 3*s(c). Calculate the remainder when 25 is divided by w(b).
7
Let s(k) = k**2 + k - 6. What is the remainder when s(-6) is divided by 13?
11
Let u(m) = -m**3 + 3*m**2 + 4*m - 3. Calculate the remainder when 44 is divided by u(3).
8
Let l(p) = -p**3 - 8*p**2 - 8*p. Suppose -2*m - 6 = -4*m. Suppose -5*i - q = -4*q, -3 = 4*i - m*q. Calculate the remainder when l(-7) is divided by i.
1
Suppose -4*p + 114 = 2*p. Calculate the remainder when 72 is divided by p.
15
Let h(z) = z**3 + 5*z**2 + 5*z + 5. What is the remainder when 28 is divided by h(-3)?
4
Let j = 0 - -3. Suppose 3 = -j*h + 2*h + r, -4*h + 15 = 5*r. Suppose -5*a + 17 + 33 = h. Calculate the remainder when 29 is divided by a.
9
Suppose 2*q + 67 = 5*t, -2*t - 2*q = -0*t - 24. What is the remainder when 38 is divided by t?
12
Let i(z) = 3*z - 7. Let c be i(5). Suppose 0 = 2*d - 31 - 15. Calculate the remainder when d is divided by 188/16 + 2/c.
11
Suppose v + 7 = -5*g, -8*g + 7*g = -3*v + 27. Calculate the remainder when 19 is divided by v.
3
Let r(c) = -c - 1. Let h(y) = -y**2 - 5*y - 1. Let t(b) = -h(b) + 5*r(b). Calculate the remainder when 14 is divided by t(-3).
4
Suppose 11*y + 7*y - 882 = 0. What is the remainder when y is divided by 13?
10
Let a = -9 - -11. Suppose 4 = a*k + 3*r, -5*r - 31 = -3*k - 6. What is the remainder when 18 is divided by k?
3
Suppose 2*g = 5*g + 18. Let n = 13 + g. Calculate the remainder when 25 is divided by n.
4
Suppose 0 = 5*y - 23 - 22. Suppose 5*b + 99 = 3*l, -5*l - 3*b = -b - 165. What is the remainder when l is divided by y?
6
Let p = 4 + 1. Suppose 0 = 3*w + 2*w - 5*b - 45, b + 29 = p*w. Suppose -s + 20 = w. Calculate the remainder when 43 is divided by s.
13
Let h be 3/(3/2 + 0). Suppose h*r = -3*r + 70. What is the remainder when 39 is divided by r?
11
Suppose y + 20 = 29. Let q = 12 - -14. What is the remainder when q is divided by y?
8
Let u = 71 + -43. Let r(z) = -z**2 + 8*z + 3. Let k(b) = -3*b - 3. Let t be k(-3). What is the remainder when u is divided by r(t)?
13
Let h = -2 + 11. Calculate the remainder when (-17)/(3 + (-28)/8) is divided by h.
7
Let u(m) = m**3 - 8*m**2 + m + 5. Let r be u(8). Let b = -1 + r. Calculate the remainder when ((-1 + 0)*23)/(-1) is divided by b.
11
Let z(g) = 63*g**2 - 1. Let s be z(1). Suppose 5*q - 3*u - s = -u, u + 52 = 4*q. Calculate the remainder when 25 is divided by q.
11
Let z(k) = k**2 - 7*k + 1. Calculate the remainder when 2 is divided by z(7).
0
Suppose 40 = -5*t + 160. Suppose 7*d - 4*d = t. Calculate the remainder when 13 is divided by d.
5
Let z = -12 - -31. What is the remainder when 36 is divided by z?
17
Suppose -3*g - 43 = -k, 189 = 2*k + k + 3*g. Let n(q) = -q**3 - 4*q**2 + 2*q + 5. Calculate the remainder when k is divided by n(-5).
18
Let q = 117 - 44. Calculate the remainder when q is divided by 26.
21
Suppose 5*l = 3*a + 199, 4*a - 16 = -l + 10. Suppose 0 = -3*g + 2*g + 3. Let t = 10 + g. Calculate the remainder when l is divided by t.
12
What is the remainder when ((-21)/(-9))/((-2)/(-36)) is divided by 17?
8
Calculate the remainder when 36 is divided by (-6)/9 + 10/15 + 10.
6
Let g = 4 + 30. Calculate the remainder when g is divided by 12.
10
Suppose 0*g + 8*g = 80. Calculate the remainder when 12 is divided by g.
2
Let o = 71 + 2. What is the remainder when o is divided by 19?
16
Suppose -6*z + 11*z = -2*m + 100, -3*m = -3*z + 81. What is the remainder when 63 is divided by z?
19
Let x = 46 + -32. Calculate the remainder when 52 is divided by x.
10
Let k(i) = i + 1. Let r be k(9). Let q(g) = 3*g + 5. What is the remainder when 386/r + 2/5 is divided by q(5)?
19
Let a = 47 + -33. Let c be (-3 + 2)*(9 + -1). Calculate the remainder when a is divided by 12/c*48/(-9).
6
Let r(t) = t**2 - 4*t + 6. Suppose 41 = 3*n - 118. Calculate the remainder when n is divided by r(6).
17
Let j = -80 + 87. What is the remainder when 68 is divided by j?
5
Let q = 8 - 1. Suppose -5 = 4*f + q, 4*z + 14 = 2*f. What is the remainder when (z/(-4))/(4/64) is divided by 11?
9
Suppose -4*m + 6 + 2 = 0. Calculate the remainder when 32 is divided by m.
0
Let p = -827 - -410. What is the remainder when p/(-18) + 3/(-18) is divided by 8?
7
Let l = 34 + -21. Let g = 19 - l. What is the remainder when 15 is divided by g?
3
Suppose 3*z + 3*h - 27 = -0*h, z + 3 = 5*h. What is the remainder when z is divided by 3?
1
Let r(b) = -b**2 - 8*b - 4. What is the remainder when 42 is divided by r(-5)?
9
What is the remainder when (2/(-3))/((-22)/627) is divided by 5?
4
Let s be 4*((-33)/12 - -3). Let p = s + 2. Calculate the remainder when 5 is divided by p.
2
Let j = 65 - 59. What is the remainder when 32 is divided by j?
2
Let b(d) = -d - 4. Let m be b(-6). Suppose -10 = -4*g + m*g. Suppose 0 = -a, 4*w - 2*a - 68 = a. What is the remainder when w is divided by g?
2
Let f = 4 - 6. Let g = -38 - -60. What is the remainder when g is divided by 16/2 + (-2 - f)?
6
Suppose 10*n = 9*n - 2. Let a = 25 + n. What is the remainder when 44 is divided by a?
21
Let k(x) = -x**3 + 4*x**2 - 4*x + 2. Let p be k(2). Suppose p*t - 4 = -0. What is the remainder when (26/(-4))/(t/(-4)) is divided by 8?
5
Let w = -7 - -20. Let f(l) = -l + 1. Let d be f(5). Let j = 34 - d. Calculate the remainder when j is divided by w.
12
Suppose -7*c = -2*y - 3*c + 128, y - 66 = 4*c. Calculate the remainder when y is divided by 16.
14
Let r = 12 + -8. Let z(v) = 2*v**2 - 5*v - 3. What is the remainder when 25 is divided by z(r)?
7
Let p(i) = -8*i - 16. Calculate the remainder when p(-3) is divided by 6.
2
Suppose -13*i = -10*i + 18. Calculate the remainder when i/(-10)*(5 + 10) is divided by 3.
0
Suppose 4*a = -7*m + 3*m + 400, 4*a - m = 405. What is the remainder when a is divided by 21?
17
Suppose 25 = -2*j + 7*j. Calculate the remainder when 7 is divided by j.
2
Suppose 4*x = x - 3. Let a(k) = 11*k**2 - k - 1. Calculate the remainder when 31 + (-2)/(-4)*0 is divided by a(x).
9
Let f = -35 + 16. Let q = 32 + f. Suppose 0 = d - 2*d - w + 9, -d + 3*w + 1 = 0. Calculate t